0 is divided by 21.
8
What is the remainder when 333 is divided by 23?
11
What is the remainder when 50 is divided by 26?
24
What is the remainder when 1027 is divided by 11?
4
What is the remainder when 1065 is divided by 30?
15
What is the remainder when 18163 is divided by 21?
19
Calculate the remainder when 333 is divided by 95.
48
What is the remainder when 1574 is divided by 25?
24
Calculate the remainder when 250 is divided by 131.
119
Calculate the remainder when 112 is divided by 9.
4
What is the remainder when 794 is divided by 34?
12
Calculate the remainder when 317 is divided by 8.
5
What is the remainder when 336 is divided by 19?
13
Calculate the remainder when 10509 is divided by 10.
9
What is the remainder when 6118 is divided by 120?
118
Calculate the remainder when 1020 is divided by 33.
30
What is the remainder when 721 is divided by 13?
6
What is the remainder when 597 is divided by 40?
37
What is the remainder when 350 is divided by 94?
68
What is the remainder when 184 is divided by 17?
14
What is the remainder when 282 is divided by 26?
22
What is the remainder when 566 is divided by 178?
32
What is the remainder when 119 is divided by 41?
37
What is the remainder when 1607 is divided by 318?
17
What is the remainder when 1058 is divided by 71?
64
Calculate the remainder when 174 is divided by 63.
48
What is the remainder when 3481 is divided by 433?
17
What is the remainder when 4084 is divided by 61?
58
Calculate the remainder when 4275 is divided by 31.
28
Calculate the remainder when 1208 is divided by 32.
24
Calculate the remainder when 93 is divided by 28.
9
Calculate the remainder when 5198 is divided by 2596.
6
Calculate the remainder when 18405 is divided by 79.
77
What is the remainder when 967 is divided by 3?
1
What is the remainder when 1478 is divided by 28?
22
What is the remainder when 108 is divided by 37?
34
Calculate the remainder when 2155 is divided by 13.
10
What is the remainder when 55 is divided by 8?
7
Calculate the remainder when 162 is divided by 157.
5
Calculate the remainder when 124 is divided by 18.
16
What is the remainder when 1773 is divided by 98?
9
Calculate the remainder when 364 is divided by 124.
116
Calculate the remainder when 270 is divided by 80.
30
Calculate the remainder when 54 is divided by 31.
23
Calculate the remainder when 713 is divided by 25.
13
Calculate the remainder when 256 is divided by 86.
84
Calculate the remainder when 1711 is divided by 16.
15
What is the remainder when 3174 is divided by 1585?
4
What is the remainder when 389 is divided by 221?
168
Calculate the remainder when 68 is divided by 15.
8
Calculate the remainder when 282 is divided by 17.
10
Calculate the remainder when 444 is divided by 209.
26
What is the remainder when 5311 is divided by 77?
75
What is the remainder when 30 is divided by 11?
8
Calculate the remainder when 302 is divided by 19.
17
Calculate the remainder when 300 is divided by 94.
18
What is the remainder when 214 is divided by 27?
25
Calculate the remainder when 85 is divided by 11.
8
What is the remainder when 1097 is divided by 69?
62
Calculate the remainder when 417 is divided by 47.
41
What is the remainder when 663 is divided by 51?
0
Calculate the remainder when 418 is divided by 12.
10
Calculate the remainder when 2644 is divided by 21.
19
Calculate the remainder when 203 is divided by 201.
2
Calculate the remainder when 28864 is divided by 23.
22
What is the remainder when 2882 is divided by 138?
122
Calculate the remainder when 924 is divided by 17.
6
What is the remainder when 159 is divided by 62?
35
What is the remainder when 789 is divided by 12?
9
What is the remainder when 253 is divided by 66?
55
Calculate the remainder when 1408 is divided by 111.
76
Calculate the remainder when 8175 is divided by 14.
13
What is the remainder when 2599 is divided by 237?
229
Calculate the remainder when 949 is divided by 473.
3
What is the remainder when 211 is divided by 18?
13
Calculate the remainder when 1092 is divided by 27.
12
What is the remainder when 211 is divided by 98?
15
Calculate the remainder when 239 is divided by 28.
15
Calculate the remainder when 577 is divided by 118.
105
Calculate the remainder when 496 is divided by 141.
73
Calculate the remainder when 1559 is divided by 65.
64
What is the remainder when 22767 is divided by 9?
6
Calculate the remainder when 1215 is divided by 42.
39
Calculate the remainder when 74 is divided by 59.
15
What is the remainder when 314 is divided by 53?
49
Calculate the remainder when 1205 is divided by 595.
15
What is the remainder when 5793 is divided by 28?
25
Calculate the remainder when 49 is divided by 15.
4
What is the remainder when 11 is divided by 10?
1
Calculate the remainder when 217 is divided by 111.
106
Calculate the remainder when 9587 is divided by 72.
11
What is the remainder when 3575 is divided by 24?
23
What is the remainder when 2259 is divided by 39?
36
What is the remainder when 192 is divided by 20?
12
What is the remainder when 41 is divided by 14?
13
Calculate the remainder when 232 is divided by 64.
40
What is the remainder when 126 is divided by 43?
40
Calculate the remainder when 365 is divided by 32.
13
Calculate the remainder when 129 is divided by 32.
1
Calculate the remainder when 4329 is divided by 19.
16
What is the remainder when 17051 is divided by 82?
77
Calculate the remainder when 258 is divided by 212.
46
What is the remainder when 198 is divided by 16?
6
What is the remainder when 184 is divided by 24?
16
What is the remainder when 470 is divided by 43?
40
What is the remainder when 259 is divided by 69?
52
Calculate the remainder when 490 is divided by 12.
10
Calculate the remainder when 199 is divided by 2.
1
What is the remainder when 3457 is divided by 1723?
11
What is the remainder when 387 is divided by 20?
7
What is the remainder when 12322 is divided by 4101?
19
Calculate the remainder when 250 is divided by 51.
46
What is the remainder when 119 is divided by 14?
7
What is the remainder when 726 is divided by 721?
5
Calculate the remainder when 148 is divided by 15.
13
What is the remainder when 2858 is divided by 26?
24
Calculate the remainder when 209 is divided by 10.
9
What is the remainder when 2696 is divided by 6?
2
Calculate the remainder when 231 is divided by 74.
9
What is the remainder when 160 is divided by 7?
6
What is the remainder when 12424 is divided by 13?
9
What is the remainder when 82 is divided by 21?
19
What is the remainder when 114 is divided by 43?
28
Calculate the remainder when 1362 is divided by 454.
0
What is the remainder when 5625 is divided by 84?
81
What is the remainder when 512 is divided by 130?
122
What is the remainder when 52 is divided by 9?
7
What is the remainder when 63 is divided by 14?
7
Calculate the remainder when 867 is divided by 261.
84
What is the remainder when 87 is divided by 24?
15
Calculate the remainder when 1365 is divided by 173.
154
Calculate the remainder when 986 is divided by 93.
56
Calculate the remainder when 180 is divided by 49.
33
What is the remainder when 81 is divided by 12?
9
Calculate the remainder when 2628 is divided by 110.
98
Calculate the remainder when 866 is divided by 278.
32
Calculate the remainder when 1228 is divided by 14.
10
Calculate the remainder when 337 is divided by 90.
67
Calculate the remainder when 380 is divided by 35.
30
What is the remainder when 74 is divided by 25?
24
Calculate the remainder when 481 is divided by 123.
112
Calculate the remainder when 2012 is divided by 126.
122
Calculate the remainder when 4784 is divided by 55.
54
Calculate the remainder when 297 is divided by 61.
53
What is the remainder when 102 is divided by 19?
7
Calculate the remainder when 143 is divided by 49.
45
What is the remainder when 459 is divided by 42?
39
What is the remainder when 190 is divided by 46?
6
What is the remainder when 575 is divided by 190?
5
What is the remainder when 278 is divided by 70?
68
What is the remainder when 233 is divided by 26?
25
Calculate the remainder when 13 is divided by 4.
1
What is the remainder when 202 is divided by 59?
25
What is the remainder when 240 is divided by 131?
109
Calculate the remainder when